{"id":3,"date":"2024-07-01T16:13:44","date_gmt":"2024-07-01T16:13:44","guid":{"rendered":"https:\/\/nexuscowork.com\/?page_id=3"},"modified":"2024-07-03T12:23:02","modified_gmt":"2024-07-03T17:23:02","slug":"politicas-privacidad","status":"publish","type":"page","link":"https:\/\/nexushub.lat\/coworking\/politicas-privacidad\/","title":{"rendered":"Pol\u00edticas de privacidad"},"content":{"rendered":"\n<p class=\"\">Nexum Cowork (en adelante &#8220;La empresa&#8221;), asegura la m\u00e1xima reserva y protecci\u00f3n de aquellos datos personales de los Usuarios del sitio en Internet de su propiedad:&nbsp;<a href=\"https:\/\/nexushub.lat\/coworking\/\">www.nexuscowork.com<\/a>, que ingresen al referido sitio Web.&nbsp;Este documento describe la &#8220;Pol\u00edtica de Privacidad&#8221; que regula el tratamiento de los datos personales que los Usuarios registran en el sitio Web.<\/p>\n\n\n\n<h2 class=\"wp-block-heading\"><strong>OBJETIVO Y FINALIDAD<\/strong><\/h2>\n\n\n\n<p class=\"\">En nuestra empresa somos conscientes de la elevada consideraci\u00f3n que tiene la privacidad de nuestros clientes y de todas aquellas personas que se interesan por nuestros productos y servicios. Siendo consecuentes con esta consideraci\u00f3n tenemos el compromiso de respetar su privacidad y proteger la confidencialidad de su informaci\u00f3n privada y datos personales. Y es por ello que el objetivo de esta pol\u00edtica de privacidad es dar a conocer a nuestros Usuarios la manera en que se recopilan, se tratan y se protegen los datos personales que a trav\u00e9s de Internet son introducidos en el sitio Web a su disposici\u00f3n.<\/p>\n\n\n\n<p class=\"\">La informaci\u00f3n personal privada no incluye informaci\u00f3n que est\u00e1 disponible a trav\u00e9s de fuentes accesibles al p\u00fablico, es decir, de medios de comunicaci\u00f3n electr\u00f3nica, \u00f3ptica y de otra tecnolog\u00eda concebidos para facilitar informaci\u00f3n al p\u00fablico y abiertos a la consulta general, como son: las gu\u00edas telef\u00f3nicas, los diarios y revistas, los medios de comunicaci\u00f3n social, las listas profesionales, los repertorios de jurisprudencia anonimizados, los Registros P\u00fablicos administrados por la Superintendencia Nacional de Registros P\u00fablicos, Registro nacional de identificaci\u00f3n y estado civil &#8211; RENIEC, as\u00ed como todo otro registro o banco de datos calificado como p\u00fablico conforme a ley, y la informaci\u00f3n que ostentan las entidades de la Administraci\u00f3n P\u00fablica y que deba ser entregada a los administrados en aplicaci\u00f3n de la Ley N\u00ba 27806 &#8211; Ley de Transparencia y Acceso a la Informaci\u00f3n P\u00fablica.<\/p>\n\n\n\n<p class=\"\">En Nexum Cowork estamos especialmente interesados en ofrecer a nuestros Usuarios el m\u00e1s alto nivel de seguridad y proteger la confidencialidad de los datos que nos aporta.<\/p>\n\n\n\n<p class=\"\">El sitio Web ha sido creado y dise\u00f1ado con la finalidad que Nexum Cowork realice ofertas de bienes y servicios, as\u00ed como facilitar otro tipo de informaci\u00f3n que creemos puede ser de inter\u00e9s y crear as\u00ed un espacio de comunicaci\u00f3n para los Usuarios.<\/p>\n\n\n\n<h2 class=\"wp-block-heading\"><strong>LEGISLACI\u00d3N<\/strong><\/h2>\n\n\n\n<p class=\"\">Esta pol\u00edtica est\u00e1 regulada por la legislaci\u00f3n peruana y en particular por Ley N\u00b0 29733 &#8211; Ley de Protecci\u00f3n de Datos Personales, modificada por el Decreto Legislativo 1353, Decreto Supremo N\u00b0 003-2013-JUS, Reglamento de la Ley N\u00b0 29733. Directiva de Seguridad de la Informaci\u00f3n, aprobada por la Resoluci\u00f3n Directoral N\u00b0 019-2013-JUS\/DGPDP.<\/p>\n\n\n\n<p class=\"\">De acuerdo con la Ley N\u00b0 29733 &#8211; Ley de Protecci\u00f3n de Datos Personales, modificada por el Decreto Legislativo 1353, y su Reglamento aprobado por el Decreto Supremo N\u00b0 003-2013-JUS, se entiende por datos personales toda informaci\u00f3n num\u00e9rica, alfab\u00e9tica, gr\u00e1fica, fotogr\u00e1fica, ac\u00fastica, sobre h\u00e1bitos personales, o de cualquier otro tipo concerniente a una persona natural que la identifica o la hace identificable a trav\u00e9s de medios que pueden ser razonablemente utilizados.<\/p>\n\n\n\n<p class=\"\">Asimismo, se entiende por Tratamiento de Datos Personales a cualquier operaci\u00f3n o procedimiento t\u00e9cnico, automatizado o no, que permite la recopilaci\u00f3n, registro, organizaci\u00f3n, almacenamiento, conservaci\u00f3n, elaboraci\u00f3n, modificaci\u00f3n, extracci\u00f3n, consulta, utilizaci\u00f3n, bloqueo, supresi\u00f3n, comunicaci\u00f3n por transferencia o por difusi\u00f3n o cualquier otra forma de procesamiento que facilite el acceso, correlaci\u00f3n o interconexi\u00f3n de los datos personales.<\/p>\n\n\n\n<p class=\"\">Nexum Cowork desarrolla su pol\u00edtica de tratamiento de datos personales en atenci\u00f3n a los principios rectores establecidos en la Ley N\u00ba 29733 &#8211; Ley de Protecci\u00f3n de Datos Personales modificada por el Decreto Legislativo 1353 y, por lo tanto:<\/p>\n\n\n\n<p class=\"\">I. De acuerdo al principio de legalidad, rechaza la recopilaci\u00f3n de los datos personales de nuestros Usuario por medios fraudulentos, desleales o il\u00edcitos.<\/p>\n\n\n\n<p class=\"\">II. Conforme al principio de consentimiento, en el tratamiento de los datos personales de nuestros Usuarios mediar\u00e1 su consentimiento.<\/p>\n\n\n\n<p class=\"\">III. Los datos personales de nuestros Usuario se recopilar\u00e1n para una finalidad determinada, expl\u00edcita y l\u00edcita, y no se extender\u00e1 a otra finalidad que no haya sido la establecida de manera inequ\u00edvoca como tal al momento de su recopilaci\u00f3n, excluyendo los casos de actividades de valor hist\u00f3rico, estad\u00edstico o cient\u00edfico cuando se utilice un procedimiento de disociaci\u00f3n o anonimizaci\u00f3n.<\/p>\n\n\n\n<p class=\"\">IV. Todo tratamiento de datos personales de nuestros Usuarios ser\u00e1 adecuado, relevante y no excesivo a la finalidad para la que estos hubiesen sido recopilados.<\/p>\n\n\n\n<p class=\"\">V. Los datos personales que vayan a ser tratados ser\u00e1n veraces, exactos y, en la medida de lo posible, actualizados, necesarios, pertinentes y adecuados respecto de la finalidad para la que fueron recopilados. Se conservar\u00e1n de forma tal que se garantice su seguridad y solo por el tiempo necesario para cumplir con la finalidad del tratamiento.<\/p>\n\n\n\n<p class=\"\">VI. Nexum Cowork y, en su caso, los encargados de tratamiento, adoptan las medidas t\u00e9cnicas, organizativas y legales necesarias para garantizar la seguridad y confidencialidad de los datos personales. Nexum Cowork cuenta con las medidas de seguridad apropiadas y acorde con el tratamiento que se vaya a efectuar y con la categor\u00eda de datos personales de que se trate.<\/p>\n\n\n\n<p class=\"\">VII. Nexum Cowork informa a sus Usuarios que pueden ejercer sus derechos contenidos en el derecho constitucional a la protecci\u00f3n de datos personales en sede administrativa ante la Autoridad Nacional de Protecci\u00f3n de Datos y en sede jurisdiccional ante el Poder Judicial a los efectos del inicio del correspondiente proceso de habeas data.<\/p>\n\n\n\n<p class=\"\">VIII. Nexum Cowork garantiza el nivel adecuado de protecci\u00f3n de los datos personales de sus Usuarios para el flujo transfronterizo de datos personales, con un m\u00ednimo de protecci\u00f3n equiparable a lo previsto por la Ley N\u00ba 29733 o por los est\u00e1ndares internacionales de la materia.<\/p>\n\n\n\n<h2 class=\"wp-block-heading\"><strong>INFORMACI\u00d3N<\/strong><\/h2>\n\n\n\n<p class=\"\">Se informa a los Usuarios que los datos personales que introduzcan en los formularios que se encuentran en el apartado &#8220;Contacto&#8221; del Web ser\u00e1n tratados por Nexum Cowork para poder gestionar los comentarios que nos hagan en \u00e9stos y para poder contactar con estos Usuarios, y se regir\u00e1n por lo expuesto en esta Pol\u00edtica de Privacidad y por las condiciones expuestas en el mismo formulario.<\/p>\n\n\n\n<h2 class=\"wp-block-heading\"><strong>CALIDAD DE LOS DATOS PERSONALES<\/strong><\/h2>\n\n\n\n<p class=\"\">Los datos personales solicitados a los Usuarios, son datos b\u00e1sicos de contacto y son adecuados, pertinentes y no excesivos en relaci\u00f3n con la finalidad para los que se recogen. Los datos personales a los que Nexum Cowork tendr\u00e1 acceso ser\u00e1n aquellos que el Usuario facilite voluntariamente rellenando los formularios puestos a tal efecto.<\/p>\n\n\n\n<p class=\"\">Nexum Cowork les proporciona a sus Usuarios los recursos t\u00e9cnicos adecuados para que tomen conocimiento de la presente Pol\u00edtica de Privacidad y de cualquier otra informaci\u00f3n que pueda ser relevante; constituyendo el ingreso de Datos Personales o informaci\u00f3n confidencial en el sitio Web, la manifestaci\u00f3n expresa de su consentimiento a la presente Pol\u00edtica de Privacidad.<\/p>\n\n\n\n<p class=\"\">Los datos personales facilitados por los Usuarios tienen que ser exactos y correctos de forma que respondan con veracidad a su situaci\u00f3n actual. En caso contrario estos datos ser\u00e1n cancelados. Los datos personales facilitados por los Usuarios son recopilados para el cumplimiento de las finalidades expuestas en este documento y no se usar\u00e1n para otras finalidades incompatibles con las especificadas.<\/p>\n\n\n\n<p class=\"\">Los datos personales ser\u00e1n cancelados cuando hayan dejado de ser necesarios para las finalidades para las cuales han sido recopilados. Sin embargo, se conservar\u00e1n durante el tiempo en que pueda exigirse alg\u00fan tipo de responsabilidad a Nexum Cowork derivada de esta relaci\u00f3n con los Usuarios.<\/p>\n\n\n\n<h2 class=\"wp-block-heading\"><strong>FINALIDAD DE LOS TRATAMIENTOS DE LA INFORMACI\u00d3N PERSONAL<\/strong><\/h2>\n\n\n\n<p class=\"\">Las finalidades de tratamiento de los datos personales que los Usuarios introducen en los diferentes formularios del sitio Web son para poder dar contestaci\u00f3n a las consultas, peticiones y otro tipo de informaci\u00f3n que nos realicen a trav\u00e9s de \u00e9stos y poder facilitar a posteriori cualquier informaci\u00f3n que Nexum Cowork crea que puede ser de su inter\u00e9s. En caso el Usuario no desee recibir las comunicaciones comerciales se\u00f1aladas, podr\u00e1 comunicarlo en cualquier momento al correo:&nbsp;<a href=\"mailto:politicas@nexumcowork.pe\">politicas@nexumcowork.pe<\/a><\/p>\n\n\n\n<h2 class=\"wp-block-heading\"><strong>TRATAMIENTO DE DATOS PERSONALES Y CONSENTIMIENTO<\/strong><\/h2>\n\n\n\n<p class=\"\">Los datos personales facilitados por los Usuarios se almacenar\u00e1n en los bancos de datos que forman parte del sistema de informaci\u00f3n de Nexum Cowork y ser\u00e1n tratados para poder llevar a cabo las finalidades expuestas anteriormente.<\/p>\n\n\n\n<p class=\"\">Los bancos de datos que contienen datos personales se inscriben en el Registro de Protecci\u00f3n de Datos de la Autoridad de Protecci\u00f3n de Datos Personales. Los datos personales que faciliten los Usuarios s\u00f3lo podr\u00e1n ser conocidos y manejados por el personal de Nexum Cowork que necesite conocer dicha informaci\u00f3n para poder contestar las solicitudes de los Usuario.<\/p>\n\n\n\n<p class=\"\">Estos datos personales ser\u00e1n tratados de forma leal y l\u00edcita y no ser\u00e1n utilizados para otras finalidades incompatibles con las especificadas.<\/p>\n\n\n\n<h2 class=\"wp-block-heading\"><strong>CONFIDENCIALIDAD DE LOS DATOS PERSONALES<\/strong><\/h2>\n\n\n\n<p class=\"\">Los datos personales facilitados por los Usuarios ser\u00e1n tratados con total confidencialidad. Nexum Cowork se compromete a guardar secreto profesional indefinidamente respecto de los mismos y garantiza el deber de guardarlos adoptando todas las medidas de seguridad necesarias.<\/p>\n\n\n\n<h2 class=\"wp-block-heading\"><strong>SEGURIDAD DE LOS DATOS PERSONALES<\/strong><\/h2>\n\n\n\n<p class=\"\">En cumplimiento de la normativa vigente Nexum Cowork ha adoptado las medidas t\u00e9cnicas de seguridad y confidencialidad apropiadas a la categor\u00eda de los datos personales, necesarias para mantener el nivel de seguridad requerido con el objetivo de evitar la alteraci\u00f3n, p\u00e9rdida o el tratamiento o accesos no autorizados que puedan afectar a la integridad, confidencialidad y disponibilidad de la informaci\u00f3n.<\/p>\n\n\n\n<p class=\"\">Nexum Cowork tiene implementadas todas las medidas de \u00edndole legal, t\u00e9cnica y organizativa necesarias para garantizar la seguridad de los datos personales y evitar su alteraci\u00f3n, p\u00e9rdida y tratamiento y\/o acceso no autorizado, teniendo en cuenta el estado de la tecnolog\u00eda, la naturaleza de los datos almacenados y los riesgos a que est\u00e1n expuestos, ya sea que provengan de la acci\u00f3n humana, del medio f\u00edsico o natural, tal y como establece la legislaci\u00f3n peruana vigente de protecci\u00f3n de datos personales.<\/p>\n\n\n\n<p class=\"\">La empresa tambi\u00e9n tiene implementadas medidas de seguridad adicionales para reforzar la confidencialidad e integridad de la informaci\u00f3n y continuamente mantiene la supervisi\u00f3n, control y evaluaci\u00f3n de los procesos para asegurar la privacidad de los datos personales. Sin embargo, la transmisi\u00f3n de informaci\u00f3n mediante las redes de comunicaci\u00f3n y de Internet no es totalmente segura; por eso, y a pesar de que Nexum Cowork realizar\u00e1 sus mejores esfuerzos para proteger los datos personales, no puede garantizar la seguridad de los mismos durante el tr\u00e1nsito hasta el sitio Web. En tal sentido, toda la informaci\u00f3n que los Usuarios proporcionen, se enviar\u00e1 por su cuenta y riesgo.<\/p>\n\n\n\n<p class=\"\">Es por ello que Nexum Cowork recomienda la m\u00e1xima diligencia a sus Usuarios cuando trasladen a terceros o publiquen informaci\u00f3n personal para evitar poner en riesgo sus datos personales, eludiendo Nexum Cowork toda responsabilidad en caso de sustracciones, modificaciones o p\u00e9rdidas de datos il\u00edcitas.<\/p>\n\n\n\n<h2 class=\"wp-block-heading\"><strong>EJERCICIO DE DERECHOS<\/strong><\/h2>\n\n\n\n<p class=\"\">Los Usuarios que hayan facilitado sus datos personales a Nexum Cowork pueden dirigirse a esta empresa, con el fin de poder ejercer sus derechos de informaci\u00f3n, de acceso, de actualizaci\u00f3n, inclusi\u00f3n, rectificaci\u00f3n y supresi\u00f3n, de impedir el suministro de sus datos personales, de oposici\u00f3n al tratamiento o de tratamiento objetivo de los datos, en los t\u00e9rminos recogidos en la legislaci\u00f3n peruana vigente.<\/p>\n\n\n\n<p class=\"\">El Usuario podr\u00e1 ejercer sus derechos presentando una solicitud escrita en nuestra oficina principal ubicada en Av. Roosevelt 6435. Urb. San Antonio Miraflores &#8211; Lima, conforme al &#8220;Formato Modelo para el Ejercicio de Derechos ARCO&#8221; en el horario establecido para la atenci\u00f3n al p\u00fablico. Se podr\u00e1n establecer otros canales para tramitar estas solicitudes, lo que ser\u00e1 informado oportunamente por el Nexum Cowork.<\/p>\n\n\n\n<h2 class=\"wp-block-heading\"><strong>MENORES DE EDAD<\/strong><\/h2>\n\n\n\n<p class=\"\">Nexum Cowork entiende la importancia de proteger la privacidad de los ni\u00f1os, especialmente en un entorno online. Por este motivo, el sitio Web no est\u00e1 dise\u00f1ado ni dirigido a menores de 18 a\u00f1os. Nexum Cowork no llevar\u00e1 a cabo voluntariamente el tratamiento de datos personales relativos a menores de edad. En el supuesto que se tenga conocimiento que los datos personales recogidos corresponden a un menor de edad sin autorizaci\u00f3n, se adoptar\u00e1n las medidas oportunas para eliminar estos datos tan pronto como sea posible.<\/p>\n\n\n\n<h2 class=\"wp-block-heading\"><strong>CONSENTIMIENTO<\/strong><\/h2>\n\n\n\n<p class=\"\">Al aceptar esta Pol\u00edtica de Privacidad, los Usuarios est\u00e1n de acuerdo con todos los aspectos expuestos en este documento y nos autorizan a tratar sus datos de car\u00e1cter personal para las finalidades expuestas anteriormente.<\/p>\n\n\n\n<h2 class=\"wp-block-heading\"><strong>OTROS<\/strong><\/h2>\n\n\n\n<p class=\"\">Para realizar cualquier tipo de consulta respecto a esta pol\u00edtica puede dirigirse a la siguiente direcci\u00f3n de correo electr\u00f3nico: <a href=\"mailto:politicas@nexuscowork.com\">politicas@nexuscowork.com<\/a><\/p>\n\n\n\n<h2 class=\"wp-block-heading\"><strong>VIGENCIA Y MODIFICACI\u00d3N DE LA PRESENTE POL\u00cdTICA DE PRIVACIDAD<\/strong><\/h2>\n\n\n\n<p class=\"\">La Pol\u00edtica de Privacidad Web de Nexum Cowork ha sido actualizada el mes de julio del 2024. Nexum Cowork se reserva el derecho a modificar su Pol\u00edtica de Privacidad Web en el supuesto de que exista un cambio en la legislaci\u00f3n vigente, doctrinal, jurisprudencial o por criterios propios empresariales. Si se introdujera alg\u00fan cambio en esta Pol\u00edtica, el nuevo texto se publicar\u00e1 en este mismo Web. Se recomienda a los Usuario que accedan peri\u00f3dicamente a esta Pol\u00edtica de privacidad que encontraran en este mismo sitio Web.<\/p>\n","protected":false},"excerpt":{"rendered":"<p>Nexum Cowork (en adelante &#8220;La empresa&#8221;), asegura la m\u00e1xima reserva y protecci\u00f3n de aquellos datos personales de los Usuarios del sitio en Internet de su propiedad:&nbsp;www.nexuscowork.com, que ingresen al referido sitio Web.&nbsp;Este documento describe la &#8220;Pol\u00edtica de Privacidad&#8221; que regula el tratamiento de los datos personales que los Usuarios registran en el sitio Web. OBJETIVO [&hellip;]<\/p>\n","protected":false},"author":1,"featured_media":0,"parent":0,"menu_order":0,"comment_status":"closed","ping_status":"open","template":"","meta":{"nf_dc_page":"","_monsterinsights_skip_tracking":false,"_monsterinsights_sitenote_active":false,"_monsterinsights_sitenote_note":"","_monsterinsights_sitenote_category":0,"footnotes":""},"class_list":["post-3","page","type-page","status-publish","hentry"],"yoast_head":"<!-- This site is optimized with the Yoast SEO plugin v27.3 - https:\/\/yoast.com\/product\/yoast-seo-wordpress\/ -->\n<title>Pol\u00edticas de privacidad - Nexus Cowork<\/title>\n<meta name=\"robots\" content=\"index, follow, max-snippet:-1, max-image-preview:large, max-video-preview:-1\" \/>\n<link rel=\"canonical\" href=\"https:\/\/nexushub.lat\/coworking\/politicas-privacidad\/\" \/>\n<meta property=\"og:locale\" content=\"es_ES\" \/>\n<meta property=\"og:type\" content=\"article\" \/>\n<meta property=\"og:title\" content=\"Pol\u00edticas de privacidad - Nexus Cowork\" \/>\n<meta property=\"og:description\" content=\"Nexum Cowork (en adelante &#8220;La empresa&#8221;), asegura la m\u00e1xima reserva y protecci\u00f3n de aquellos datos personales de los Usuarios del sitio en Internet de su propiedad:&nbsp;www.nexuscowork.com, que ingresen al referido sitio Web.&nbsp;Este documento describe la &#8220;Pol\u00edtica de Privacidad&#8221; que regula el tratamiento de los datos personales que los Usuarios registran en el sitio Web. OBJETIVO [&hellip;]\" \/>\n<meta property=\"og:url\" content=\"https:\/\/nexushub.lat\/coworking\/politicas-privacidad\/\" \/>\n<meta property=\"og:site_name\" content=\"Nexus Cowork\" \/>\n<meta property=\"article:modified_time\" content=\"2024-07-03T17:23:02+00:00\" \/>\n<meta name=\"twitter:card\" content=\"summary_large_image\" \/>\n<meta name=\"twitter:label1\" content=\"Tiempo de lectura\" \/>\n\t<meta name=\"twitter:data1\" content=\"10 minutos\" \/>\n<script type=\"application\/ld+json\" class=\"yoast-schema-graph\">{\"@context\":\"https:\\\/\\\/schema.org\",\"@graph\":[{\"@type\":\"WebPage\",\"@id\":\"https:\\\/\\\/nexushub.lat\\\/coworking\\\/politicas-privacidad\\\/\",\"url\":\"https:\\\/\\\/nexushub.lat\\\/coworking\\\/politicas-privacidad\\\/\",\"name\":\"Pol\u00edticas de privacidad - Nexus Cowork\",\"isPartOf\":{\"@id\":\"https:\\\/\\\/nexushub.lat\\\/coworking\\\/#website\"},\"datePublished\":\"2024-07-01T16:13:44+00:00\",\"dateModified\":\"2024-07-03T17:23:02+00:00\",\"breadcrumb\":{\"@id\":\"https:\\\/\\\/nexushub.lat\\\/coworking\\\/politicas-privacidad\\\/#breadcrumb\"},\"inLanguage\":\"es\",\"potentialAction\":[{\"@type\":\"ReadAction\",\"target\":[\"https:\\\/\\\/nexushub.lat\\\/coworking\\\/politicas-privacidad\\\/\"]}]},{\"@type\":\"BreadcrumbList\",\"@id\":\"https:\\\/\\\/nexushub.lat\\\/coworking\\\/politicas-privacidad\\\/#breadcrumb\",\"itemListElement\":[{\"@type\":\"ListItem\",\"position\":1,\"name\":\"Home\",\"item\":\"https:\\\/\\\/nexushub.lat\\\/coworking\\\/\"},{\"@type\":\"ListItem\",\"position\":2,\"name\":\"Pol\u00edticas de privacidad\"}]},{\"@type\":\"WebSite\",\"@id\":\"https:\\\/\\\/nexushub.lat\\\/coworking\\\/#website\",\"url\":\"https:\\\/\\\/nexushub.lat\\\/coworking\\\/\",\"name\":\"Nexus Cowork\",\"description\":\"El mejor Coworking ubicado en el Centro Financiero de Chiclayo\",\"publisher\":{\"@id\":\"https:\\\/\\\/nexushub.lat\\\/coworking\\\/#organization\"},\"potentialAction\":[{\"@type\":\"SearchAction\",\"target\":{\"@type\":\"EntryPoint\",\"urlTemplate\":\"https:\\\/\\\/nexushub.lat\\\/coworking\\\/?s={search_term_string}\"},\"query-input\":{\"@type\":\"PropertyValueSpecification\",\"valueRequired\":true,\"valueName\":\"search_term_string\"}}],\"inLanguage\":\"es\"},{\"@type\":\"Organization\",\"@id\":\"https:\\\/\\\/nexushub.lat\\\/coworking\\\/#organization\",\"name\":\"Nexus Cowork\",\"url\":\"https:\\\/\\\/nexushub.lat\\\/coworking\\\/\",\"logo\":{\"@type\":\"ImageObject\",\"inLanguage\":\"es\",\"@id\":\"https:\\\/\\\/nexushub.lat\\\/coworking\\\/#\\\/schema\\\/logo\\\/image\\\/\",\"url\":\"https:\\\/\\\/nexushub.lat\\\/coworking\\\/wp-content\\\/uploads\\\/2024\\\/07\\\/Recurso-7logo-b.png\",\"contentUrl\":\"https:\\\/\\\/nexushub.lat\\\/coworking\\\/wp-content\\\/uploads\\\/2024\\\/07\\\/Recurso-7logo-b.png\",\"width\":5570,\"height\":2067,\"caption\":\"Nexus Cowork\"},\"image\":{\"@id\":\"https:\\\/\\\/nexushub.lat\\\/coworking\\\/#\\\/schema\\\/logo\\\/image\\\/\"}}]}<\/script>\n<!-- \/ Yoast SEO plugin. -->","yoast_head_json":{"title":"Pol\u00edticas de privacidad - Nexus Cowork","robots":{"index":"index","follow":"follow","max-snippet":"max-snippet:-1","max-image-preview":"max-image-preview:large","max-video-preview":"max-video-preview:-1"},"canonical":"https:\/\/nexushub.lat\/coworking\/politicas-privacidad\/","og_locale":"es_ES","og_type":"article","og_title":"Pol\u00edticas de privacidad - Nexus Cowork","og_description":"Nexum Cowork (en adelante &#8220;La empresa&#8221;), asegura la m\u00e1xima reserva y protecci\u00f3n de aquellos datos personales de los Usuarios del sitio en Internet de su propiedad:&nbsp;www.nexuscowork.com, que ingresen al referido sitio Web.&nbsp;Este documento describe la &#8220;Pol\u00edtica de Privacidad&#8221; que regula el tratamiento de los datos personales que los Usuarios registran en el sitio Web. OBJETIVO [&hellip;]","og_url":"https:\/\/nexushub.lat\/coworking\/politicas-privacidad\/","og_site_name":"Nexus Cowork","article_modified_time":"2024-07-03T17:23:02+00:00","twitter_card":"summary_large_image","twitter_misc":{"Tiempo de lectura":"10 minutos"},"schema":{"@context":"https:\/\/schema.org","@graph":[{"@type":"WebPage","@id":"https:\/\/nexushub.lat\/coworking\/politicas-privacidad\/","url":"https:\/\/nexushub.lat\/coworking\/politicas-privacidad\/","name":"Pol\u00edticas de privacidad - Nexus Cowork","isPartOf":{"@id":"https:\/\/nexushub.lat\/coworking\/#website"},"datePublished":"2024-07-01T16:13:44+00:00","dateModified":"2024-07-03T17:23:02+00:00","breadcrumb":{"@id":"https:\/\/nexushub.lat\/coworking\/politicas-privacidad\/#breadcrumb"},"inLanguage":"es","potentialAction":[{"@type":"ReadAction","target":["https:\/\/nexushub.lat\/coworking\/politicas-privacidad\/"]}]},{"@type":"BreadcrumbList","@id":"https:\/\/nexushub.lat\/coworking\/politicas-privacidad\/#breadcrumb","itemListElement":[{"@type":"ListItem","position":1,"name":"Home","item":"https:\/\/nexushub.lat\/coworking\/"},{"@type":"ListItem","position":2,"name":"Pol\u00edticas de privacidad"}]},{"@type":"WebSite","@id":"https:\/\/nexushub.lat\/coworking\/#website","url":"https:\/\/nexushub.lat\/coworking\/","name":"Nexus Cowork","description":"El mejor Coworking ubicado en el Centro Financiero de Chiclayo","publisher":{"@id":"https:\/\/nexushub.lat\/coworking\/#organization"},"potentialAction":[{"@type":"SearchAction","target":{"@type":"EntryPoint","urlTemplate":"https:\/\/nexushub.lat\/coworking\/?s={search_term_string}"},"query-input":{"@type":"PropertyValueSpecification","valueRequired":true,"valueName":"search_term_string"}}],"inLanguage":"es"},{"@type":"Organization","@id":"https:\/\/nexushub.lat\/coworking\/#organization","name":"Nexus Cowork","url":"https:\/\/nexushub.lat\/coworking\/","logo":{"@type":"ImageObject","inLanguage":"es","@id":"https:\/\/nexushub.lat\/coworking\/#\/schema\/logo\/image\/","url":"https:\/\/nexushub.lat\/coworking\/wp-content\/uploads\/2024\/07\/Recurso-7logo-b.png","contentUrl":"https:\/\/nexushub.lat\/coworking\/wp-content\/uploads\/2024\/07\/Recurso-7logo-b.png","width":5570,"height":2067,"caption":"Nexus Cowork"},"image":{"@id":"https:\/\/nexushub.lat\/coworking\/#\/schema\/logo\/image\/"}}]}},"_links":{"self":[{"href":"https:\/\/nexushub.lat\/coworking\/wp-json\/wp\/v2\/pages\/3","targetHints":{"allow":["GET"]}}],"collection":[{"href":"https:\/\/nexushub.lat\/coworking\/wp-json\/wp\/v2\/pages"}],"about":[{"href":"https:\/\/nexushub.lat\/coworking\/wp-json\/wp\/v2\/types\/page"}],"author":[{"embeddable":true,"href":"https:\/\/nexushub.lat\/coworking\/wp-json\/wp\/v2\/users\/1"}],"replies":[{"embeddable":true,"href":"https:\/\/nexushub.lat\/coworking\/wp-json\/wp\/v2\/comments?post=3"}],"version-history":[{"count":1,"href":"https:\/\/nexushub.lat\/coworking\/wp-json\/wp\/v2\/pages\/3\/revisions"}],"predecessor-version":[{"id":72,"href":"https:\/\/nexushub.lat\/coworking\/wp-json\/wp\/v2\/pages\/3\/revisions\/72"}],"wp:attachment":[{"href":"https:\/\/nexushub.lat\/coworking\/wp-json\/wp\/v2\/media?parent=3"}],"curies":[{"name":"wp","href":"https:\/\/api.w.org\/{rel}","templated":true}]}}